{"id":143,"date":"2023-11-24T10:48:53","date_gmt":"2023-11-24T09:48:53","guid":{"rendered":"https:\/\/www-2022.storiacollegiomondragone.uniroma2.it\/?page_id=143"},"modified":"2023-11-29T14:58:32","modified_gmt":"2023-11-29T13:58:32","slug":"storia-del-collegio-e-personalita-illustri","status":"publish","type":"page","link":"https:\/\/www-2022.storiacollegiomondragone.uniroma2.it\/?page_id=143","title":{"rendered":"Storia del collegio"},"content":{"rendered":"<div class=\"wpb-content-wrapper\"><p>[vc_row css_animation=&#8221;&#8221; row_type=&#8221;row&#8221; use_row_as_full_screen_section=&#8221;no&#8221; type=&#8221;full_width&#8221; angled_section=&#8221;no&#8221; text_align=&#8221;left&#8221; background_image_as_pattern=&#8221;without_pattern&#8221;][vc_column][vc_empty_space][vc_single_image image=&#8221;146&#8243; img_size=&#8221;large&#8221; alignment=&#8221;center&#8221; qode_css_animation=&#8221;&#8221;][vc_empty_space][vc_column_text]<\/p>\n<blockquote>\n<p class=\"p1\"><span class=\"s1\"><i>\u00abRipete il suo nome dal drago che \u00e8 nello stemma del Boncompagni, della quale famiglia era Gregorio XIII, per cui suggerimento il Card. Marco Sitico Altemps costru\u00ec il palazzo di Mondragone, sopra i ruderi d\u2019una villa romana, gi\u00e0 propriet\u00e0 dei Quintili, spogliati dei loro beni da Commodo, forse perch\u00e9 cristiani\u00bb<\/i><\/span><\/p>\n<p class=\"p1\" style=\"text-align: right;\">p. Lorenzo Rocci<span class=\"Apple-converted-space\">\u00a0 <\/span>(<i>Il Mondragone<\/i>, n. 14 del 19 settembre 1907)<\/p>\n<\/blockquote>\n<p>[\/vc_column_text][vc_column_text]<\/p>\n<p class=\"p1\"><span class=\"s1\">Il Card. Marzo Sitico Altemps (1533 in Embs, nel 1556 nominato Vescovo di Cassano e Cardinale nel 1561) acquist\u00f2 la villa del Card. Ranuzio Farnese, denominata Angelina e la fece ampliare dal Vignola. Altemps chiam\u00f2 la Villa Tusculana e sotto Paolo V fu detta Villa Vecchia. Il Papa Gregorio XIII volle che s\u2019edificasse Mondragone e i lavori furon fatti eseguire dall\u2019Altemps (cominciarono nel 1573 su disegno dell\u2019arch. Martino Longo). L\u2019erede dell\u2019Altemps vendette nel 1613 i beni al Card. Scipione Borghese, che fece eseguire altri lavori su disegno del Vasanzio e il completo assetto si ebbe nel 1620.<\/span><\/p>\n<p class=\"p1\">Il Pontefice Gregorio and\u00f2 spesso a Villa Mondragone e nel 1582 vi firm\u00f2 la celebre Bolla per la riforma del calendario giuliano. La Villa ospit\u00f2, tra gli altri, il Santo Card. Carlo Borromeo. Il 4 dicembre del 1864 il Principe Marcantonio Borghese aveva stipula con i Padri della Compagnia una Convenzione per \u00ab[&#8230;] riunire un numero di giovani in luogo ameno e salubre per esservi educati dai Padri della Compagnia di Ges\u00f9\u00bb,<\/p>\n<p class=\"p1\"><span class=\"s2\"> L\u20198 settembre 1868 viene nominato Rettore del collegio il P. Francesco Saverio Falcone. Il Convitto di Mondragone apre il 1\u00b0 febbraio del 1865: nel dopo pranzo arriva da Milano il primo convittore, Giancarlo de\u2019 Duchi Scotti Gallarate, accompagnato dal suo genitore, che, per il cattivo tempo, passer\u00e0 la notte in Convitto. Il secondo convittore a giungere \u00e8 Carlo Rocchi, di Roma.<\/span><\/p>\n<p>[\/vc_column_text][vc_empty_space][vc_row_inner row_type=&#8221;row&#8221; type=&#8221;full_width&#8221; text_align=&#8221;left&#8221; css_animation=&#8221;&#8221;][vc_column_inner][vc_separator type=&#8221;normal&#8221; color=&#8221;#898989&#8243;][vc_empty_space][vc_column_text]<\/p>\n<h2>Anteprima delle immagini in mostra<\/h2>\n<p>[\/vc_column_text][vc_masonry_media_grid element_width=&#8221;3&#8243; grid_id=&#8221;vc_gid:1700819226452-d45c384a-ca65-2&#8243; include=&#8221;151,150,149,146&#8243;][\/vc_column_inner][\/vc_row_inner][vc_empty_space][vc_row_inner row_type=&#8221;row&#8221; type=&#8221;full_width&#8221; text_align=&#8221;left&#8221; css_animation=&#8221;&#8221;][vc_column_inner][\/vc_column_inner][\/vc_row_inner][\/vc_column][\/vc_row]<\/p>\n<\/div>","protected":false},"excerpt":{"rendered":"<p>[vc_row css_animation=&#8221;&#8221; row_type=&#8221;row&#8221; use_row_as_full_screen_section=&#8221;no&#8221; type=&#8221;full_width&#8221; angled_section=&#8221;no&#8221; text_align=&#8221;left&#8221; background_image_as_pattern=&#8221;without_pattern&#8221;][vc_column][vc_empty_space][vc_single_image image=&#8221;146&#8243; img_size=&#8221;large&#8221; alignment=&#8221;center&#8221; qode_css_animation=&#8221;&#8221;][vc_empty_space][vc_column_text] \u00abRipete il suo nome dal drago che \u00e8 nello stemma del Boncompagni, della quale famiglia era Gregorio XIII, per cui suggerimento il Card. Marco Sitico Altemps costru\u00ec il palazzo di Mondragone, sopra i&#8230;<\/p>\n","protected":false},"author":2,"featured_media":0,"parent":0,"menu_order":0,"comment_status":"closed","ping_status":"closed","template":"","meta":{"content-type":"","footnotes":""},"_links":{"self":[{"href":"https:\/\/www-2022.storiacollegiomondragone.uniroma2.it\/index.php?rest_route=\/wp\/v2\/pages\/143"}],"collection":[{"href":"https:\/\/www-2022.storiacollegiomondragone.uniroma2.it\/index.php?rest_route=\/wp\/v2\/pages"}],"about":[{"href":"https:\/\/www-2022.storiacollegiomondragone.uniroma2.it\/index.php?rest_route=\/wp\/v2\/types\/page"}],"author":[{"embeddable":true,"href":"https:\/\/www-2022.storiacollegiomondragone.uniroma2.it\/index.php?rest_route=\/wp\/v2\/users\/2"}],"replies":[{"embeddable":true,"href":"https:\/\/www-2022.storiacollegiomondragone.uniroma2.it\/index.php?rest_route=%2Fwp%2Fv2%2Fcomments&post=143"}],"version-history":[{"count":15,"href":"https:\/\/www-2022.storiacollegiomondragone.uniroma2.it\/index.php?rest_route=\/wp\/v2\/pages\/143\/revisions"}],"predecessor-version":[{"id":347,"href":"https:\/\/www-2022.storiacollegiomondragone.uniroma2.it\/index.php?rest_route=\/wp\/v2\/pages\/143\/revisions\/347"}],"wp:attachment":[{"href":"https:\/\/www-2022.storiacollegiomondragone.uniroma2.it\/index.php?rest_route=%2Fwp%2Fv2%2Fmedia&parent=143"}],"curies":[{"name":"wp","href":"https:\/\/api.w.org\/{rel}","templated":true}]}}

<div class="wpb-content-wrapper"><p>[vc_row css_animation=&#8221;&#8221; row_type=&#8221;row&#8221; use_row_as_full_screen_section=&#8221;no&#8221; type=&#8221;full_width&#8221; angled_section=&#8221;no&#8221; text_align=&#8221;left&#8221; background_image_as_pattern=&#8221;without_pattern&#8221;][vc_column][vc_empty_space][vc_single_image image=&#8221;146&#8243; img_size=&#8221;large&#8221; alignment=&#8221;center&#8221; qode_css_animation=&#8221;&#8221;][vc_empty_space][vc_column_text]</p>
<blockquote>
<p class="p1"><span class="s1"><i>«Ripete il suo nome dal drago che è nello stemma del Boncompagni, della quale famiglia era Gregorio XIII, per cui suggerimento il Card. Marco Sitico Altemps costruì il palazzo di Mondragone, sopra i ruderi d’una villa romana, già proprietà dei Quintili, spogliati dei loro beni da Commodo, forse perché cristiani»</i></span></p>
<p class="p1" style="text-align: right;">p. Lorenzo Rocci<span class="Apple-converted-space">  </span>(<i>Il Mondragone</i>, n. 14 del 19 settembre 1907)</p>
</blockquote>
<p>[/vc_column_text][vc_column_text]</p>
<p class="p1"><span class="s1">Il Card. Marzo Sitico Altemps (1533 in Embs, nel 1556 nominato Vescovo di Cassano e Cardinale nel 1561) acquistò la villa del Card. Ranuzio Farnese, denominata Angelina e la fece ampliare dal Vignola. Altemps chiamò la Villa Tusculana e sotto Paolo V fu detta Villa Vecchia. Il Papa Gregorio XIII volle che s’edificasse Mondragone e i lavori furon fatti eseguire dall’Altemps (cominciarono nel 1573 su disegno dell’arch. Martino Longo). L’erede dell’Altemps vendette nel 1613 i beni al Card. Scipione Borghese, che fece eseguire altri lavori su disegno del Vasanzio e il completo assetto si ebbe nel 1620.</span></p>
<p class="p1">Il Pontefice Gregorio andò spesso a Villa Mondragone e nel 1582 vi firmò la celebre Bolla per la riforma del calendario giuliano. La Villa ospitò, tra gli altri, il Santo Card. Carlo Borromeo. Il 4 dicembre del 1864 il Principe Marcantonio Borghese aveva stipula con i Padri della Compagnia una Convenzione per «[&#8230;] riunire un numero di giovani in luogo ameno e salubre per esservi educati dai Padri della Compagnia di Gesù»,</p>
<p class="p1"><span class="s2"> L’8 settembre 1868 viene nominato Rettore del collegio il P. Francesco Saverio Falcone. Il Convitto di Mondragone apre il 1° febbraio del 1865: nel dopo pranzo arriva da Milano il primo convittore, Giancarlo de’ Duchi Scotti Gallarate, accompagnato dal suo genitore, che, per il cattivo tempo, passerà la notte in Convitto. Il secondo convittore a giungere è Carlo Rocchi, di Roma.</span></p>
<p>[/vc_column_text][vc_empty_space][vc_row_inner row_type=&#8221;row&#8221; type=&#8221;full_width&#8221; text_align=&#8221;left&#8221; css_animation=&#8221;&#8221;][vc_column_inner][vc_separator type=&#8221;normal&#8221; color=&#8221;#898989&#8243;][vc_empty_space][vc_column_text]</p>
<h2>Anteprima delle immagini in mostra</h2>
<p>[/vc_column_text][vc_masonry_media_grid element_width=&#8221;3&#8243; grid_id=&#8221;vc_gid:1700819226452-d45c384a-ca65-2&#8243; include=&#8221;151,150,149,146&#8243;][/vc_column_inner][/vc_row_inner][vc_empty_space][vc_row_inner row_type=&#8221;row&#8221; type=&#8221;full_width&#8221; text_align=&#8221;left&#8221; css_animation=&#8221;&#8221;][vc_column_inner][/vc_column_inner][/vc_row_inner][/vc_column][/vc_row]</p>
</div>

<p>[vc_row css_animation=&#8221;&#8221; row_type=&#8221;row&#8221; use_row_as_full_screen_section=&#8221;no&#8221; type=&#8221;full_width&#8221; angled_section=&#8221;no&#8221; text_align=&#8221;left&#8221; background_image_as_pattern=&#8221;without_pattern&#8221;][vc_column][vc_empty_space][vc_single_image image=&#8221;146&#8243; img_size=&#8221;large&#8221; alignment=&#8221;center&#8221; qode_css_animation=&#8221;&#8221;][vc_empty_space][vc_column_text] «Ripete il suo nome dal drago che è nello stemma del Boncompagni, della quale famiglia era Gregorio XIII, per cui suggerimento il Card. Marco Sitico Altemps costruì il palazzo di Mondragone, sopra i&#8230;</p>
